of 18 and m?
18
Let l be ((-44)/(-3) - 0)*3. Suppose 10*j - 6*j = -5*t + 28, 0 = -7*j - 2*t + 76. What is the highest common divisor of j and l?
4
Let k(o) = -o**2 + 33*o - 57. Let i be k(12). Let u = i + -190. Calculate the greatest common factor of u and 185.
5
Let n be (-136)/(-40) + -4 - (-19329)/15. Calculate the highest common divisor of 28 and n.
28
Let b(k) be the second derivative of 19*k**3/6 - 66*k**2 + 138*k - 2. Let j be b(8). Let o = 261 - 171. What is the greatest common divisor of o and j?
10
Let u be 3/(-3)*(-985)/(-5). Let h = 198 + u. Calculate the greatest common factor of h and 9.
1
Let p = -19 - -53. Let x = -21 + p. Suppose 7334*o - 1144 = -7339*o + 14585*o. What is the greatest common factor of o and x?
13
Let z be 94/5*(2 + 25/((-25)/(-3))). Calculate the greatest common divisor of z and 4183.
47
Let h = -54 + 56. Suppose 4*a - u = 4*u + 50, a - h*u = 11. What is the highest common factor of 120 and a?
15
Let d(p) = p**2 + 4*p - 54. Let s be d(25). Let t = -637 + s. Calculate the highest common divisor of t and 17.
17
Let q = 0 + 165. Suppose -3 = 2*f - x + 9, 2*x + 12 = -2*f. Let r(z) = z**2 + 5*z + 9. Let i be r(f). Calculate the greatest common factor of q and i.
15
Let x(s) be the second derivative of -s**4/12 - 11*s**3/2 - 67*s**2 + 5*s + 1. Let c be x(-22). What is the greatest common divisor of 126 and c?
18
Suppose 4*b - 28 = 11*b. Let a be (2 + b)*57/(-6). Calculate the highest common divisor of a and 152.
19
Let q(f) be the first derivative of 3*f**2/2 + 18*f + 12. Let z be q(-4). Suppose 5*t - z*t = -160. What is the highest common divisor of t and 64?
32
Suppose -37066 = -99*p - 32*p + 8129. Calculate the greatest common divisor of p and 20.
5
Let l(f) = 4*f - 66. Let t = 169 - 145. Let s be l(t). Calculate the highest common factor of s and 35.
5
Let n(s) = 5*s + 91. Let b(o) = -27*o - 149. Let t be b(-6). Let y be n(t). Calculate the highest common divisor of 12 and y.
12
Let p(n) = n - 21. Let w be p(21). Suppose -12*g + 7*g + 105 = w. Let x = -21 + 35. Calculate the highest common factor of g and x.
7
Let s be (-780)/(-1*3/2)*4. What is the highest common factor of 156 and s?
52
Suppose t + 70 = 8*t. Suppose -3*y = t*y + 26. Let d be 1/y - (-8 - (-54)/12). Calculate the greatest common divisor of d and 3.
3
Suppose -i = -6*i + 10. Suppose 6*c + i = 14. Let r be (-2 - -1)*c - -308. What is the greatest common factor of 34 and r?
34
Let u(d) = 2*d**2 + 30*d - 57. Let h(j) = 25*j + 133. Let x be h(-6). Let z be u(x). Calculate the greatest common factor of z and 121.
11
Suppose -3*w = -4*u + 18738, 0 = 89*u - 84*u - 3*w - 23421. What is the highest common divisor of 21 and u?
21
Let h be ((-164)/2)/(1 - 0). Let k = -46 - h. Let z(l) = l + 11. Let q be z(-7). What is the greatest common divisor of q and k?
4
Suppose -15*j + 9*j = -60. Suppose 2 = -6*l + 14. Calculate the highest common divisor of l and j.
2
Suppose -2*a = 3*g - 264, 14*a - 10*a = -24. Calculate the greatest common divisor of g and 236.
4
Suppose -5*s - 2*z + 144 = 0, z - 3*z = 4*s - 114. Suppose s = 9*h + h. What is the highest common factor of 69 and h?
3
Let h = 18636 + -18526. Calculate the highest common divisor of 2706 and h.
22
Let q = 424 + -270. Let r be (-862 - -6) + -7 + 0. Let t = -841 - r. What is the greatest common factor of q and t?
22
Suppose -27 = -2*d - j, 3*d - 9*j = -13*j + 28. Let o = 22 - 6. What is the highest common factor of o and d?
16
Suppose 8*i + 9 = 5*i, -3*f = 5*i - 2685. Suppose 8*a - f = 244. What is the greatest common factor of a and 39?
13
Let l be (-1348)/(-10) - (2128/(-140) + 14). What is the highest common factor of 8 and l?
8
Suppose 1657 = 4*z + 4*f - 5*f, 0 = 4*z + 3*f - 1653. Calculate the highest common divisor of z and 2.
2
Let u = -2601 + 3209. What is the greatest common divisor of 352 and u?
32
Let j = 17018 + -16992. Calculate the highest common factor of 49582 and j.
26
Let f = 146 - 116. Suppose 0 = -127*z + 132*z - f. Calculate the greatest common divisor of z and 72.
6
Suppose -2*y = 2 + 2. Let s be -3*46/(-42) - y/(-7). Suppose l + 79 = 3*k, -3*k - 127 = -8*k - s*l. What is the greatest common factor of 13 and k?
13
Let k(c) = -9*c + 907. Let w be k(73). What is the highest common divisor of w and 9625?
125
Suppose 0 = -3*q - q - 128. Let m = q + 92. Let p = -40 - -60. Calculate the highest common divisor of p and m.
20
Suppose 0 = -4*g - 3*d + 39, 0 = -4*g + 4*d + d + 63. Let a = 15952 - 15928. Calculate the greatest common factor of g and a.
12
Let o be 1/(-4) + 1134/24 + -6. Let m = 113 - o. Suppose -7*i + 12*i - 90 = 0. What is the highest common divisor of m and i?
18
Suppose 4*d + 5*j - 259 = -76, -d - 4*j + 32 = 0. Let w = d - -110. What is the highest common divisor of 18 and w?
18
Suppose 2*j - 5857 = 4*v - 6073, 5*v - 276 = 4*j. Suppose -2*q = 5*w - 30, w + 13 = 3*w + q. What is the greatest common factor of w and v?
4
Let u = -533 + 1045. Let r = -457 + u. Calculate the greatest common factor of r and 121.
11
Let o(c) = c**2 + c - 12. Let x be o(4). Let q be (624/39)/(1 + (-6)/x). Calculate the greatest common divisor of 160 and q.
32
Suppose -21192 = -4*i + 2*c, -26488 = -5*i - 60*c + 62*c. Calculate the greatest common factor of i and 16.
16
Suppose 3*x = -3*m - 185 + 332, 167 = 3*x - m. Let l be (-2088)/(-32)*(1 + 23). What is the greatest common factor of x and l?
54
Let n be ((-21)/6 + 2)*320/(-60). Let g = -32 + 58. Suppose -g = 7*k - n*k. What is the highest common factor of k and 130?
26
Let x = -778 + 853. Let w = 19 - 4. What is the highest common divisor of w and x?
15
Let c(x) = 3*x**3 + x + 59. Let m(t) = -t**3 - 3*t**2 - 2*t - 6. Let l be m(-3). Let j be c(l). Calculate the highest common factor of j and 59.
59
Suppose 6*c = 3*c + 48. Suppose -c = -3*x + 128. What is the highest common factor of 24 and x?
24
Let z = -6227 + 6246. Let d(o) = o**2 - 4*o - 1. Let t be d(-7). What is the greatest common factor of t and z?
19
Suppose -1727*m - 386 = -1731*m - 3*t, 5*m = -5*t + 480. What is the highest common divisor of m and 1932?
14
Suppose -19*w + 102*w = 81672. Calculate the highest common factor of w and 240.
24
Let y be 156/(19 + -31) + 71. Calculate the highest common factor of 7018 and y.
58
Let z be ((-6)/(-4) + 0)*(-1648)/12. Let k = z + 221. What is the greatest common factor of 195 and k?
15
Suppose 39*p - 10511 - 3997 = 0. What is the greatest common factor of 527 and p?
31
Suppose 0 = 5*c + 2*c - 924. Let q(f) = f**2 - 97*f + 876. Let m be q(91). Calculate the highest common divisor of c and m.
66
Let t = 208 - 142. Let p = t + -80. Let i(o) = o**3 + 15*o**2 + 13*o + 16. Let y be i(p). Calculate the highest common factor of 75 and y.
15
Suppose 10*b - 18 = 22. Let n = -141 + 177. Calculate the greatest common factor of b and n.
4
Let g(v) = -20*v - 168. Let b be g(-11). Suppose a = b - 16. What is the greatest common divisor of 90 and a?
18
Let v = -2 - -129. Let a = v + -115. What is the greatest common factor of a and 8?
4
Let p(l) = -96*l**3 - 3*l**2 - 54*l - 99. Let f be p(-2). Calculate the greatest common divisor of f and 17.
17
Suppose 129*r - 15660 = -132*r. What is the highest common factor of r and 1995?
15
Suppose 0*p = 3*z + p - 19, 0 = z - 5*p + 15. Suppose 4*x - 23 = 5*h + 76, -5*h + 135 = z*x. Calculate the highest common factor of x and 39.
13
Suppose 15 = 8*l - 85 - 52. Let c(g) = -167*g - 56. Let r be c(-5). Calculate the greatest common divisor of r and l.
19
Let a(v) be the first derivative of -v**4/4 - 4*v**3 - 7*v**2 + 12*v - 2. Let f = 2477 - 2488. Let k be a(f). Calculate the greatest common divisor of 9 and k.
9
Let j(z) = -2*z**3 - 11*z**2 - 156*z + 9. Let t be j(-11). What is the greatest common divisor of 16 and t?
16
Suppose 11*l = 27*l - 4224. Let q = 438 - 414. What is the highest common factor of q and l?
24
Let u = -24 - -52. Let h = -87 - -250. Let t = h - 93. What is the greatest common factor of t and u?
14
Let c = -385 - -381. Let y(x) = -x**3 - 6*x**2 - 6*x + 12. Let t be y(c). Calculate the highest common divisor of 44 and t.
4
Let a = -581 - -590. Calculate the greatest common factor of a and 1017.
9
Let s = 12780 + -12749. Calculate the highest common divisor of 9641 and s.
31
Suppose 9560*h = 2*y + 9563*h - 